{"id":2572,"date":"2023-03-28T11:22:04","date_gmt":"2023-03-28T11:22:04","guid":{"rendered":"https:\/\/soliw.org\/site2\/?page_id=2572"},"modified":"2023-03-28T11:22:04","modified_gmt":"2023-03-28T11:22:04","slug":"parlamento-dos-jovens","status":"publish","type":"page","link":"https:\/\/soliw.org\/site2\/parlamento-dos-jovens\/","title":{"rendered":"Parlamento dos Jovens"},"content":{"rendered":"<div class=\"x_elementToProof x_ContentPasted0\">A Escola Secund\u00e1ria de Cacilhas-Tejo participou neste ano letivo de 2022-23 no projeto Parlamento dos Jovens.<\/div>\n<div class=\"x_elementToProof x_ContentPasted0\"><span class=\"x_ContentPasted1\">\u00a0<\/span>O Programa Parlamento dos Jovens, aprovado pela Resolu\u00e7\u00e3o n.\u00ba 42\/2006, de 2 de junho, \u00e9 uma iniciativa da Assembleia da Rep\u00fablica, dirigida aos jovens dos 2.\u00ba e 3.\u00ba ciclos do ensino b\u00e1sico e do ensino secund\u00e1rio, de escolas do ensino p\u00fablico, particular e cooperativo do Continente, das Regi\u00f5es Aut\u00f3nomas e dos c\u00edrculos da Europa e de Fora da Europa.<\/div>\n<div class=\"x_elementToProof x_ContentPasted0\">\n<p class=\"x_ContentPasted2\">Constituem objetivos do Programa<\/p>\n<ul>\n<li class=\"x_ContentPasted2\">Educar para a cidadania, estimulando o gosto pela participa\u00e7\u00e3o c\u00edvica e pol\u00edtica;<\/li>\n<li class=\"x_ContentPasted2\">Dar a conhecer a Assembleia da Rep\u00fablica, o significado do mandato parlamentar, as regras do debate parlamentar e o processo de decis\u00e3o do Parlamento, enquanto \u00f3rg\u00e3o representativo de todos os cidad\u00e3os portugueses;<\/li>\n<li class=\"x_ContentPasted2\">Promover o debate democr\u00e1tico, o respeito pela diversidade de opini\u00f5es e pelas regras de forma\u00e7\u00e3o das decis\u00f5es;<\/li>\n<li class=\"x_ContentPasted2\">Incentivar a reflex\u00e3o e o debate sobre um tema, definido anualmente;<\/li>\n<li class=\"x_ContentPasted2\">Proporcionar a experi\u00eancia de participa\u00e7\u00e3o em processos eleitorais;<\/li>\n<li class=\"x_ContentPasted2\">Estimular as capacidades de express\u00e3o e argumenta\u00e7\u00e3o na defesa das ideias, com respeito\u00a0 pelos valores da toler\u00e2ncia e da forma\u00e7\u00e3o da vontade da maioria;<\/li>\n<li class=\"x_ContentPasted2 x_elementToProof\">Sublinhar a import\u00e2ncia da sua contribui\u00e7\u00e3o para a resolu\u00e7\u00e3o de quest\u00f5es que afetem o seu presente e o futuro individual e coletivo, fazendo ouvir as suas propostas junto dos \u00f3rg\u00e3os do poder pol\u00edtico.<\/li>\n<\/ul>\n<div class=\"x_elementToProof\">Na Escola de cacilhas-Tejo foram const\u00edtuidas 3 listas na fase escolar. Foram eleitos dois alunos efetivos (Raquel Santos, 12.\u00ba G e Tiago Pinheiro, 11.\u00ba L) e um suplente (Maria Godinho 12.\u00ba E) que representaram a Escola na sess\u00e3o distrital no dia 7 de mar\u00e7o. O projeto apresentado pelos nossos alunos obteve um honroso 3.\u00ba lugar em 18 escolas participantes.<\/div>\n<div><img loading=\"lazy\" decoding=\"async\" class=\"alignnone size-large wp-image-2557\" src=\"https:\/\/soliw.org\/site2\/wp-content\/uploads\/2023\/03\/parlamento-jovem-1024x766.jpg\" alt=\"\" width=\"640\" height=\"479\" \/> <img loading=\"lazy\" decoding=\"async\" class=\"alignnone size-large wp-image-2556\" src=\"https:\/\/soliw.org\/site2\/wp-content\/uploads\/2023\/03\/Parlamento-jovem-2-1024x766.jpg\" alt=\"\" width=\"640\" height=\"479\" \/><\/div>\n<\/div>\n","protected":false},"excerpt":{"rendered":"<p>A Escola Secund\u00e1ria de Cacilhas-Tejo participou neste ano letivo de 2022-23 no projeto Parlamento dos Jovens. \u00a0O Programa Parlamento dos Jovens, aprovado pela Resolu\u00e7\u00e3o n.\u00ba 42\/2006, de 2 de junho, [&hellip;]<\/p>\n","protected":false},"author":2,"featured_media":0,"parent":0,"menu_order":0,"comment_status":"closed","ping_status":"closed","template":"","meta":{"pagelayer_contact_templates":[],"_pagelayer_content":"","footnotes":""},"class_list":["post-2572","page","type-page","status-publish","hentry"],"publishpress_future_action":{"enabled":false,"date":"2026-04-22 15:44:51","action":"change-status","newStatus":"draft","terms":[],"taxonomy":""},"publishpress_future_workflow_manual_trigger":{"enabledWorkflows":[]},"_links":{"self":[{"href":"https:\/\/soliw.org\/site2\/wp-json\/wp\/v2\/pages\/2572","targetHints":{"allow":["GET"]}}],"collection":[{"href":"https:\/\/soliw.org\/site2\/wp-json\/wp\/v2\/pages"}],"about":[{"href":"https:\/\/soliw.org\/site2\/wp-json\/wp\/v2\/types\/page"}],"author":[{"embeddable":true,"href":"https:\/\/soliw.org\/site2\/wp-json\/wp\/v2\/users\/2"}],"replies":[{"embeddable":true,"href":"https:\/\/soliw.org\/site2\/wp-json\/wp\/v2\/comments?post=2572"}],"version-history":[{"count":1,"href":"https:\/\/soliw.org\/site2\/wp-json\/wp\/v2\/pages\/2572\/revisions"}],"predecessor-version":[{"id":2573,"href":"https:\/\/soliw.org\/site2\/wp-json\/wp\/v2\/pages\/2572\/revisions\/2573"}],"wp:attachment":[{"href":"https:\/\/soliw.org\/site2\/wp-json\/wp\/v2\/media?parent=2572"}],"curies":[{"name":"wp","href":"https:\/\/api.w.org\/{rel}","templated":true}]}}